s 42750 - -5?
42755
In base 5, what is -223404 + -4?
-223413
In base 14, what is -5 + 1459c?
14597
In base 5, what is 340 - -11341?
12231
In base 6, what is 2100 - -1020?
3120
In base 5, what is -3211 + 231444?
223233
In base 13, what is -a149 - 21?
-a16a
In base 10, what is 307 + -990?
-683
In base 5, what is 2013010330 + 1?
2013010331
In base 7, what is -2426 + 3?
-2423
In base 9, what is 510 - 5863?
-5353
In base 12, what is -8b + -3a98?
-3b67
In base 5, what is -2300 + -422?
-3222
In base 8, what is -117170 + 0?
-117170
In base 15, what is -7 - 23b10?
-23b17
In base 11, what is -20a8 - -1a0?
-1a08
In base 12, what is 5 + 2a242?
2a247
In base 14, what is 1242a + -2?
12428
In base 14, what is -54 + -a2d?
-a83
In base 8, what is -2046 + -12?
-2060
In base 3, what is -221000202101 - 1?
-221000202102
In base 3, what is 2212102 + 1?
2212110
In base 16, what is 7 + -13a?
-133
In base 11, what is 18a908 - 2?
18a906
In base 11, what is -6838a - -9?
-68381
In base 16, what is -8a - c167?
-c1f1
In base 9, what is -10070 - 4?
-10074
In base 10, what is -3 + 881?
878
In base 10, what is -281 - 5020?
-5301
In base 10, what is 1 + -792162?
-792161
In base 6, what is 312 + -441?
-125
In base 9, what is 34748 - 6?
34742
In base 7, what is 5124 + -15?
5106
In base 8, what is 105 - -16223?
16330
In base 7, what is -215 - -1?
-214
In base 13, what is 33 - 24a?
-217
In base 9, what is -24 - -2833?
2808
In base 15, what is -122 + 152?
30
In base 4, what is -110 - -321301210?
321301100
In base 4, what is -20221312 - -211?
-20221101
In base 3, what is 1002221 + -1021112?
-11121
In base 10, what is -12 + 8817?
8805
In base 15, what is -5ce - de?
-6bd
In base 7, what is 266115 + 34?
266152
In base 4, what is -330013 - -100?
-323313
In base 8, what is 7 + 25656?
25665
In base 13, what is a - -17853?
17860
In base 6, what is -3134 + -240?
-3414
In base 8, what is 1260 + 1522?
3002
In base 5, what is 2 + 13344002?
13344004
In base 15, what is -b + 15c47?
15c3b
In base 13, what is -c163 + -75?
-c208
In base 16, what is -5 - -2a766?
2a761
In base 12, what is 1bab68 - -3?
1bab6b
In base 13, what is -5 + a66?
a61
In base 9, what is 7 + -3213?
-3205
In base 11, what is -5333 + 11?
-5322
In base 2, what is 11110 - -101101001?
110000111
In base 3, what is 12 + 2010210102?
2010210121
In base 14, what is -4 + 7435?
7431
In base 2, what is -11 - -10010110111010010100?
10010110111010010001
In base 7, what is 2 + -514502?
-514500
In base 3, what is 22122100221 + 21?
22122101012
In base 4, what is -1122113113 + 11?
-1122113102
In base 15, what is -41cb - 5?
-41d1
In base 10, what is 14088 - -64?
14152
In base 6, what is 44210513 - -2?
44210515
In base 15, what is 3b + -134?
-e8
In base 14, what is 784 + -381?
403
In base 15, what is -3c - -6625?
65d8
In base 4, what is 2 + -313120300?
-313120232
In base 10, what is 1 + -61460?
-61459
In base 3, what is 2010100212111 + -11?
2010100212100
In base 5, what is 311140103 - 10?
311140043
In base 7, what is -33043 - 234?
-33310
In base 3, what is -110122201 + -2112?
-110202020
In base 14, what is -b6 - 4?
-ba
In base 2, what is 1100110100011001110 - 1101?
1100110100011000001
In base 16, what is -b7d - -b5?
-ac8
In base 13, what is -2425b - 0?
-2425b
In base 4, what is -32 + -210023?
-210121
In base 6, what is 5 + 4144011?
4144020
In base 3, what is 121202100 + -121?
121201202
In base 15, what is 4 + -bb7?
-bb3
In base 10, what is -834 + 414?
-420
In base 3, what is -101012 + 122101202?
122000120
In base 3, what is 10 + 20210102?
20210112
In base 11, what is 65 - -1183?
1238
In base 9, what is 18561 - -222?
18783
In base 12, what is -470 + 731?
281
In base 14, what is 5b78 - -2a?
5ba4
In base 14, what is -c - -3d8?
3ca
In base 11, what is 15918 + 3?
15920
In base 3, what is 12 - 21211202?
-21211120
In base 14, what is -1a0 + b4?
-ca
In base 16, what is -1586a - a?
-15874
In base 5, what is -223141 + -1001?
-224142
In base 10, what is -6 + -14585?
-14591
In base 10, what is -6794 - -36?
-6758
In base 15, what is -2b7eb + 5?
-2b7e6
In base 12, what is 563 - -2aa?
851
In base 10, what is 7 + 69773?
69780
In base 2, what is 0 + 1111111111010111011?
1111111111010111011
In base 4, what is 2 - 20211203?
-20211201
In base 7, what is -554033 - 2?
-554035
In base 15, what is -2 + 2b176?
2b174
In base 16, what is 1326f - -16?
13285
In base 16, what is 97 + -4d?
4a
In base 16, what is 3c - -92?
ce
In base 9, what is 13265 - -16?
13282
In base 5, what is -102412 + 3?
-102404
In base 3, what is -10 + 10121011210?
10121011200
In base 5, what is 2 - -143040240?
143040242
In base 3, what is 100102 - 1102122?
-1002020
In base 11, what is -45 - -829?
794
In base 3, what is -221211002 + 12021?
-221121211
In base 16, what is f594 - -3?
f597
In base 12, what is -2864 + 2?
-2862
In base 4, what is -10113011320 + -11?
-10113011331
In base 6, what is 425 + 14034?
14503
In base 5, what is 3 - -1202034?
1202042
In base 13, what is -3147a - -11?
-31469
In base 12, what is 145b - -14?
1473
In base 12, what is 5 + 22718?
22721
In base 5, what is 1122133 - -2?
1122140
In base 3, what is -11211222 + 210?
-11211012
In base 15, what is -1 - -101a?
1019
In base 5, what is 1041321 - -2?
1041323
In base 9, what is -341 - -36?
-304
In base 9, what is 20 - -7326?
7346
In base 6, what is -12402 - -11?
-12351
In base 8, what is -3564 - 1516?
-5302
In base 5, what is 4 - 122344341?
-122344332
In base 11, what is 2a + -6103?
-6084
In base 14, what is -23a - 76?
-2b2
In base 13, what is -11 - -572?
561
In base 4, what is -110 - -110300?
110130
In base 10, what is -24 - -5898?
5874
In base 5, what is -100202234 + 0?
-100202234
In base 9, what is -5 + 111233?
111227
In base 15, what is 4038 + 7?
4040
In base 11, what is -6392 + 1a?
-6373
In base 11, what is -2 + 6227?
6225
In base 14, what is b + 42db3?
42dc0
In base 9, what is -37041 + 65?
-36865
In base 15, what is 3 - 6882?
-687e
In base 4, what is 11130 - 22320?
-11130
In base 3, what is -11220 - 111200102?
-111212022
In base 6, what is 1101 - -413?
1514
In base 4, what is 220300 - 131?
220103
In base 8, what is -34223 - -10?
-34213
In base 8, what is 1070 + -45?
1023
In base 2, what is 100101 + 1000010010?
1000110111
In base 10, what is 415 - -72?
487
In base 15, what is 95d1 + -9?
95c7
In base 5, what is 42413032 - -3?
42413040
In base 9, what is 218 - -185?
414
In base 14, what is -4 + -1249?
-124d
In base 4, what is -102 - -1123030?
1122322
In base 5, what is -123044 - -31?
-123013
In base 9, what is -257506 - -11?
-257485
In base 14, what is -5 - -27cd?
27c8
In base 8, what is -44 - 2537?
-2603
In base 13, what is 169c6 + -52?
16974
In base 2, what is -10011111110 - -1010011111?
-1001011111
In base 16, what is 0 - 2209?
-2209
In base 16, what is 259 - -646?
89f
In base 2, what is 100 - -1001101011001?
1001101011101
In base 2, what is 1 + -100101101001000?
-100101101000111
In base 5, what is -10242 - 3441?
-14233
In base 14, what is 5 - -31c7?
31cc
In base 8, what is 23562477 - -5?
23562504
In base 12, what is 1179 - -13?
1190
In base 6, what is -1154 + 11300?
10102
In base 16, what is 7beb - 6?
7be5
In base 9, what is -4 - -58368?
58364
In base 8, what is -2 - -67543?
67541
In base 15, what is 24a + -21a?
30
In base 12, what is 103 + a0?
1a3
In base 3, what is 20 + 21110102202?
21110102222
In base 6, what is -104 - -31003?
30455
In base 4, what is -13 - -110223?
110210
In base 14, what is 9 + -abb?
-ab2
In base 6, what is -10120 + -12515?
-23035
In base 7, what is -6 + 20043505?
20043466
In base 2, what is -10 + -101001110111?
-101001111001
In base 11, what is 31688 - 19?
3166a
In base 8, what is 0 - -74752?
74752
In base 12, what is 38145 - 1?
38144
In base 11, what is 1 + 3759?
375a
In base 13, what is 19 - -17160?
17179
In base 3, what is 1202220011 - -10?
1202220021
In base 2, what is -11110010001110 + 1000?
-11110010000110
In base 16, what is a8f - -1?
a90
In base 6, what is -5 - -53505?
53500
In base 14, what is 2c45 + -76?
2bad
In base 10, what is 10 + 6616?
6626
In base 9, what is 278 + 68?
357
In base 12, what is -7 + -6706?
-6711
In base 8, what is -167 + 26360?
26171
In base 10, what is 14 - 979?
-965
In base 15, what is -28c1b - 2?
-28c1d
In base 3, what is 2 + -211021010?
-211021001
In base 3, what is 121011